{"id":1927,"date":"2020-12-09T08:57:49","date_gmt":"2020-12-09T08:57:49","guid":{"rendered":"https:\/\/www.currentpublishing.com\/shop\/product\/import-placeholder-for-231\/"},"modified":"2026-02-13T13:02:03","modified_gmt":"2026-02-13T13:02:03","slug":"current-world-archaeology-61","status":"publish","type":"product","link":"https:\/\/currentpublishing.com\/shop\/product\/current-world-archaeology-61\/","title":{"rendered":"Current World Archaeology 61"},"content":{"rendered":"<p>CWA is celebrating its 10th birthday with a special anniversary issue: Editor in Chief Andrew Selkirk flicks back through the pages to take a fresh look at how the archaeology of the last decade has re-shaped our understanding of our past. But what of the future? We invited a panel of eminent archaeologists to share their thoughts not only on the last 10 years, but also on what we can expect in the next.<\/p>\n<p>Ten years before CWA was launched, excavations at the Neolithic site at \u00c7atalh\u00f6y\u00fck resumed after a 30-year hiatus, and the term \u2018cyber archaeology\u2019 belonged to science fiction. Today, cyber archaeology is very much a (virtual) reality. This year, archaeologists recorded the excavation of an extraordinary multiple burial using a 3D modelling process, giving a complete view of the excavation from every angle and at each stage of the investigation. Is this the future for excavations everywhere? Cutting-edge technology is making its mark in Egyptology: Manchester Museum\u2019s mummy collection is being put through hospital MRI scanners, while, in Egypt,equipment designed to protect the Army\u2019s bomb-disposal units is helping to hold up the ceiling of Djoser\u2019s Step Pyramid at Saqqara.<\/p>\n<p>Twenty years ago, excavations began at Butrint, an idyllic site on the Ionian coast. Richard Hodges recalls how, after his first visit to what Virgil described as \u2018a Troy in miniature\u2019, the Butrint Foundation was born. There followed two decades of excavation and discovery \u2013 with the promise of more yet to come.<\/p>\n<p>Forty years ago, Brian Fagan needed a textbook. He couldn\u2019t find one,so he wrote it himself. Four decades later, it remains a stalwart on every archaeology student\u2019s bookshelf.<\/p>\n<p>And 40 years before that, cartoonist Bill Tidy was born. Paul Bahn pays an affectionate tribute to his old friend and collaborator, whose irrepressible humour is matched by his passion for archaeology.<\/p>\n<p>We also travel to Iraqi Kurdistan and to Serbia. Both countries enjoy a long,rich, and colourful heritage; and both have seen conflict in recent years. Now, however, peace has returned, and travellers can once again explore the fabulous sites that lie beyond the usual tourist route.<\/p>\n","protected":false},"excerpt":{"rendered":"<p>In this issue:<br \/>\n&#8211; 10TH ANNIVERSARY: Celebrating a Decade of Archaeology \u2013 and looking to the future<br \/>\n&#8211; TURKEY: Cyber Archaeology 3D modelling unpeels the Neolithic at \u00c7atalh\u00f6y\u00fck<br \/>\n&#8211; UK: Under the Scanner Revealing the secrets of Egypt\u2019s ancient dead<br \/>\n&#8211; EGYPT: Saving the World\u2019s Oldest Pyramid A novel solution to an ancient dilemma<br \/>\n&#8211; ALBANIA: Butrint Finding a timeless oasis<\/p>\n","protected":false},"featured_media":398,"template":"","meta":{"_uag_custom_page_level_css":"","site-sidebar-layout":"","site-content-layout":"","ast-site-content-layout":"","site-content-style":"","site-sidebar-style":"","ast-global-header-display":"","ast-banner-title-visibility":"","ast-main-header-display":"","ast-hfb-above-header-display":"","ast-hfb-below-header-display":"","ast-hfb-mobile-header-display":"","site-post-title":"","ast-breadcrumbs-content":"","ast-featured-img":"","footer-sml-layout":"","ast-disable-related-posts":"","theme-transparent-header-meta":"","adv-header-id-meta":"","stick-header-meta":"","header-above-stick-meta":"","header-main-stick-meta":"","header-below-stick-meta":"","astra-migrate-meta-layouts":"","ast-page-background-enabled":"default","ast-page-background-meta":{"desktop":{"background-color":"","background-image":"","background-repeat":"repeat","background-position":"center center","background-size":"auto","background-attachment":"scroll","background-type":"","background-media":"","overlay-type":"","overlay-color":"","overlay-opacity":"","overlay-gradient":""},"tablet":{"background-color":"","background-image":"","background-repeat":"repeat","background-position":"center center","background-size":"auto","background-attachment":"scroll","background-type":"","background-media":"","overlay-type":"","overlay-color":"","overlay-opacity":"","overlay-gradient":""},"mobile":{"background-color":"","background-image":"","background-repeat":"repeat","background-position":"center center","background-size":"auto","background-attachment":"scroll","background-type":"","background-media":"","overlay-type":"","overlay-color":"","overlay-opacity":"","overlay-gradient":""}},"ast-content-background-meta":{"desktop":{"background-color":"var(--ast-global-color-5)","background-image":"","background-repeat":"repeat","background-position":"center center","background-size":"auto","background-attachment":"scroll","background-type":"","background-media":"","overlay-type":"","overlay-color":"","overlay-opacity":"","overlay-gradient":""},"tablet":{"background-color":"var(--ast-global-color-5)","background-image":"","background-repeat":"repeat","background-position":"center center","background-size":"auto","background-attachment":"scroll","background-type":"","background-media":"","overlay-type":"","overlay-color":"","overlay-opacity":"","overlay-gradient":""},"mobile":{"background-color":"var(--ast-global-color-5)","background-image":"","background-repeat":"repeat","background-position":"center center","background-size":"auto","background-attachment":"scroll","background-type":"","background-media":"","overlay-type":"","overlay-color":"","overlay-opacity":"","overlay-gradient":""}}},"product_brand":[],"product_cat":[346],"product_tag":[25],"class_list":{"0":"post-1927","1":"product","2":"type-product","3":"status-publish","4":"has-post-thumbnail","6":"product_cat-back-issue-current-world-archaeology","7":"product_tag-current-world-archaeology","8":"product_shipping_class-back-issue","9":"desktop-align-center","10":"tablet-align-center","11":"mobile-align-center","12":"ast-product-gallery-layout-first-image-large","13":"ast-product-gallery-with-no-image","14":"ast-magnify-disabled","15":"ast-product-tabs-layout-distributed","17":"first","18":"instock","19":"taxable","20":"shipping-taxable","21":"purchasable","22":"product-type-simple"},"uagb_featured_image_src":{"full":["https:\/\/currentpublishing.com\/shop\/wp-content\/uploads\/item433.jpg",600,786,false],"thumbnail":["https:\/\/currentpublishing.com\/shop\/wp-content\/uploads\/item433-150x150.jpg",150,150,true],"medium":["https:\/\/currentpublishing.com\/shop\/wp-content\/uploads\/item433-229x300.jpg",229,300,true],"medium_large":["https:\/\/currentpublishing.com\/shop\/wp-content\/uploads\/item433.jpg",600,786,false],"large":["https:\/\/currentpublishing.com\/shop\/wp-content\/uploads\/item433.jpg",600,786,false],"1536x1536":["https:\/\/currentpublishing.com\/shop\/wp-content\/uploads\/item433.jpg",600,786,false],"2048x2048":["https:\/\/currentpublishing.com\/shop\/wp-content\/uploads\/item433.jpg",600,786,false],"woocommerce_thumbnail":["https:\/\/currentpublishing.com\/shop\/wp-content\/uploads\/item433-300x400.jpg",300,400,true],"woocommerce_single":["https:\/\/currentpublishing.com\/shop\/wp-content\/uploads\/item433.jpg",600,786,false],"woocommerce_gallery_thumbnail":["https:\/\/currentpublishing.com\/shop\/wp-content\/uploads\/item433-100x100.jpg",100,100,true]},"uagb_author_info":{"display_name":"admin","author_link":"https:\/\/currentpublishing.com\/shop\/author\/"},"uagb_comment_info":0,"uagb_excerpt":"In this issue: - 10TH ANNIVERSARY: Celebrating a Decade of Archaeology \u2013 and looking to the future - TURKEY: Cyber Archaeology 3D modelling unpeels the Neolithic at \u00c7atalh\u00f6y\u00fck - UK: Under the Scanner Revealing the secrets of Egypt\u2019s ancient dead - EGYPT: Saving the World\u2019s Oldest Pyramid A novel solution to an ancient dilemma -&hellip;","jetpack_sharing_enabled":true,"_links":{"self":[{"href":"https:\/\/currentpublishing.com\/shop\/wp-json\/wp\/v2\/product\/1927","targetHints":{"allow":["GET"]}}],"collection":[{"href":"https:\/\/currentpublishing.com\/shop\/wp-json\/wp\/v2\/product"}],"about":[{"href":"https:\/\/currentpublishing.com\/shop\/wp-json\/wp\/v2\/types\/product"}],"wp:featuredmedia":[{"embeddable":true,"href":"https:\/\/currentpublishing.com\/shop\/wp-json\/wp\/v2\/media\/398"}],"wp:attachment":[{"href":"https:\/\/currentpublishing.com\/shop\/wp-json\/wp\/v2\/media?parent=1927"}],"wp:term":[{"taxonomy":"product_brand","embeddable":true,"href":"https:\/\/currentpublishing.com\/shop\/wp-json\/wp\/v2\/product_brand?post=1927"},{"taxonomy":"product_cat","embeddable":true,"href":"https:\/\/currentpublishing.com\/shop\/wp-json\/wp\/v2\/product_cat?post=1927"},{"taxonomy":"product_tag","embeddable":true,"href":"https:\/\/currentpublishing.com\/shop\/wp-json\/wp\/v2\/product_tag?post=1927"}],"curies":[{"name":"wp","href":"https:\/\/api.w.org\/{rel}","templated":true}]}}